f 71?
False
Is 1267 a multiple of 42?
False
Is 37 a factor of 81511?
True
Is 15 a factor of 33120?
True
Is 29 a factor of 16501?
True
Is 6 a factor of 6952?
False
Is 6769 a multiple of 9?
False
Does 24 divide 4968?
True
Is 9 a factor of 834?
False
Is 26 even?
True
Is 5 a factor of 2050?
True
Does 116 divide 15080?
True
Is 40 a factor of 799?
False
Is 24 a factor of 21120?
True
Is 35 a factor of 140?
True
Does 75 divide 170?
False
Is 18 a factor of 2232?
True
Is 24140 a multiple of 170?
True
Is 4960 a multiple of 80?
True
Is 208 a multiple of 8?
True
Does 6 divide 772?
False
Does 9 divide 909?
True
Is 2208 a multiple of 69?
True
Does 60 divide 68713?
False
Is 266 a factor of 31027?
False
Is 35 a factor of 20160?
True
Is 43 a multiple of 43?
True
Does 6 divide 696?
True
Is 104 a factor of 19344?
True
Is 24 a factor of 1149?
False
Is 33120 a multiple of 69?
True
Is 1672 a multiple of 104?
False
Is 20550 a multiple of 5?
True
Is 49 a factor of 2053?
False
Is 172 a factor of 36957?
False
Is 9163 a multiple of 49?
True
Is 8 a factor of 5394?
False
Is 3177 a multiple of 30?
False
Is 8450 a multiple of 23?
False
Is 2 a factor of 395?
False
Is 10 a factor of 2918?
False
Does 29 divide 870?
True
Does 10 divide 1390?
True
Is 67 a multiple of 43?
False
Is 34596 a multiple of 124?
True
Does 14 divide 39109?
False
Does 7 divide 154?
True
Does 30 divide 2190?
True
Is 140 a factor of 10198?
False
Does 68 divide 680?
True
Is 15742 a multiple of 17?
True
Is 17 a factor of 374?
True
Does 36 divide 1911?
False
Is 210 a multiple of 10?
True
Does 11 divide 3236?
False
Is 28 a factor of 1956?
False
Does 64 divide 4859?
False
Is 27 a factor of 611?
False
Does 25 divide 1950?
True
Is 6 a factor of 6982?
False
Does 17 divide 144?
False
Is 6072 a multiple of 44?
True
Is 5 a factor of 93?
False
Does 20 divide 1785?
False
Is 21 a factor of 21189?
True
Is 3 a factor of 109?
False
Is 8681 a multiple of 72?
False
Does 146 divide 59888?
False
Does 40 divide 400?
True
Is 95 a factor of 6279?
False
Does 5 divide 4469?
False
Does 110 divide 20784?
False
Does 7 divide 399?
True
Is 1776 a multiple of 12?
True
Is 18 a multiple of 18?
True
Does 93 divide 7002?
False
Does 49 divide 33837?
False
Is 45808 a multiple of 28?
True
Is 152 a multiple of 4?
True
Does 154 divide 3696?
True
Is 1589 a multiple of 4?
False
Is 8 a factor of 985?
False
Is 168 a multiple of 8?
True
Does 13 divide 1053?
True
Is 29 a factor of 1421?
True
Does 88 divide 1770?
False
Does 57 divide 513?
True
Is 61183 a multiple of 40?
False
Is 28700 a multiple of 17?
False
Is 29 a factor of 145?
True
Does 17 divide 116720?
False
Is 26 a factor of 1839?
False
Is 17 a factor of 926?
False
Is 11 a factor of 1332?
False
Is 12064 a multiple of 29?
True
Is 6 a factor of 1488?
True
Does 150 divide 5422?
False
Is 46 a factor of 3634?
True
Is 80 a factor of 1710?
False
Does 11 divide 22280?
False
Is 92 a factor of 117668?
True
Does 28 divide 323?
False
Is 47405 a multiple of 98?
False
Does 41 divide 4743?
False
Is 3251 a multiple of 59?
False
Is 13485 a multiple of 15?
True
Is 21399 a multiple of 21?
True
Is 25416 a multiple of 36?
True
Is 250 a multiple of 5?
True
Is 191 a factor of 101839?
False
Does 96 divide 1248?
True
Does 35 divide 350?
True
Is 3511 a multiple of 18?
False
Is 39248 a multiple of 8?
True
Is 1149 a multiple of 25?
False
Is 210 a multiple of 15?
True
Is 21 a multiple of 6?
False
Is 72890 a multiple of 185?
True
Is 9617 a multiple of 59?
True
Is 73 a multiple of 26?
False
Is 6 a factor of 1950?
True
Is 1111 a multiple of 24?
False
Is 3449 a multiple of 48?
False
Does 68 divide 301?
False
Is 29 a factor of 404?
False
Does 13 divide 51074?
False
Is 5529 a multiple of 19?
True
Does 3 divide 109?
False
Does 6 divide 1413?
False
Does 18 divide 10560?
False
Is 18 a factor of 2271?
False
Is 855 a multiple of 70?
False
Is 6 even?
True
Is 3074 a multiple of 14?
False
Is 278 a multiple of 4?
False
Does 27 divide 1956?
False
Does 24 divide 330?
False
Is 49192 a multiple of 22?
True
Is 25 a factor of 1055?
False
Is 414 a multiple of 46?
True
Does 22 divide 792?
True
Is 1373 a multiple of 15?
False
Does 40 divide 4440?
True
Is 167 a multiple of 3?
False
Is 99040 a multiple of 9?
False
Does 7 divide 706?
False
Does 10 divide 386?
False
Is 1725 a multiple of 17?
False
Does 30 divide 690?
True
Does 87 divide 1653?
True
Does 8 divide 3814?
False
Does 111 divide 29970?
True
Does 37 divide 222?
True
Is 74 a factor of 2294?
True
Is 11 a factor of 638?
True
Does 17 divide 1003?
True
Is 139 a factor of 695?
True
Does 2 divide 622?
True
Is 22 a factor of 58415?
False
Is 43 a factor of 5536?
False
Is 49413 a multiple of 13?
True
Is 53 a factor of 637?
False
Is 6787 a multiple of 11?
True
Is 14648 a multiple of 27?
False
Is 11410 a multiple of 35?
True
Is 46 a factor of 54586?
False
Is 3 a factor of 24189?
True
Does 29 divide 1540?
False
Is 3611 a multiple of 17?
False
Does 16 divide 5120?
True
Is 66 a factor of 876?
False
Does 64 divide 448?
True
Is 1126 a multiple of 73?
False
Is 18 a factor of 806?
False
Is 1282 a multiple of 43?
False
Is 8 a factor of 944?
True
Is 140 a factor of 1711?
False
Is 5 a factor of 213?
False
Is 10979 a multiple of 23?
False
Is 8 a factor of 920?
True
Does 32 divide 384?
True
Does 9 divide 126?
True
Is 441 a multiple of 9?
True
Is 456 a multiple of 19?
True
Is 13 a factor of 513?
False
Is 63 a multiple of 4?
False
Does 22 divide 542?
False
Is 24 a factor of 67915?
False
Is 63 a factor of 693?
True
Does 7 divide 819?
True
Is 142 a multiple of 2?
True
Is 15689 a multiple of 14?
False
Is 26 a factor of 260?
True
Is 116 a factor of 116?
True
Does 19 divide 154?
False
Is 95 a factor of 2512?
False
Is 287 a multiple of 23?
False
Does 38 divide 304?
True
Does 5 divide 40?
True
Does 132 divide 11658?
False
Is 129 a multiple of 6?
False
Is 23149 a multiple of 263?
False
Does 297 divide 12459?
False
Does 58 divide 7563?
False
Does 42 divide 34358?
False
Is 76 a factor of 1630?
False
Does 6 divide 1788?
True
Is 546 a multiple of 17?
False
Is 5 a factor of 18987?
False
Is 118 a factor of 590?
True
Is 11937 a multiple of 16?
False
Is 130 a factor of 8060?
True
Is 15 a factor of 1035?
True
Is 274 a factor of 32058?
True
Is 2 a factor of 216?
True
Does 54 divide 9774?
True
Is 23192 a multiple of 223?
True
Is 15 a factor of 2854?
False
Is 7 a factor of 3324?
False
Is 454 a multiple of 18?
False
Does 144 divide 85405?
False
Does 17 divide 247?
False
Is 13 a factor of 86294?
True
Is 68 a factor of 3620?
False
Does 21 divide 4287?
False
Is 6 a factor of 8490?
True
Is 24 a factor of 85632?
True
Is 261 a factor of 49050?
False
Does 176 divide 32456?
False
Is 1048 a multiple of 9?
False
Is 40969 a multiple of 45?
False
Does 5 divide 94?
False
Is 93515 a multiple of 71?
False
Is 84411 a multiple of 53?
False
Does 3 divide 869?
False
Is 26 a factor of 12209?
False
Does 15 divide 12960?
True
Does 66 divide 26598?
True
Does 12 divide 504?
True
Does 36 divide 3142?
False
Is 121 a factor of 13398?
False
Is 3558 a multiple of 6?
True
Does 3 divide 711?
True
Is 19925 a multiple of 3?
False
Is 67 a multiple of 2?
False
Is 5713 a multiple of 65?
False
Does 17 divide 391?
True
Is 18 a factor of 3852?
True
Is 43 a factor of 430?
True
Does 16 divide 5892?
False
Is 147 a factor of 6174?
True
Is 3431 a multiple of 29?
False
Is 10 a factor of 10?
True
Is 12 a factor of 1068?
True
Is 830 a multiple of 58?
False
Does 114 divide 4668?
False
Is 29 a factor of 6612?
True
Is 303 a multiple of 30?
False
Is 61 a factor of 19092?
False
Is 1881 a multiple of 77?
False
Does 17 divide 365?
False
Is 6 a factor of 816?
True
Does 4 divide 172?
True
Does 19 divide 586?
False
Is 11 a factor of 4947?
False
Is 83 a factor of 4980?
True
Does 28 divide 360?
False
Is 5 a factor of 2890?
True
Is 5 a factor of 24458?
False
Does 224 divide 32331?
False
Does 32 divide 2204?
False
Does 106 divide 43827?
False
Is 7 a factor of 122?
False
Is 870 a multiple of 87?
True
Is 43 a factor of 169?
False
Is 1800 a multiple of 40?
True
Does 24 divide 66?
False
Is 91 a factor of 858?
False
Does 23 divide 2826?
False
Is 21 a factor of 2919?
True
Is 17484 a multiple of 47?
True
Does 44 divide 15532?
True
Does 3 divide 336?
True
Is 8 a factor of 106?
False
Is 93 a factor of 427